0?
20
Calculate the greatest common divisor of 5461 and 889.
127
What is the greatest common divisor of 85 and 3247?
17
What is the greatest common divisor of 143 and 1105?
13
What is the greatest common factor of 17820 and 40?
20
What is the greatest common factor of 15 and 240?
15
What is the greatest common factor of 154 and 25718?
154
Calculate the highest common factor of 75 and 240.
15
Calculate the greatest common factor of 858 and 24.
6
Calculate the highest common divisor of 7 and 7.
7
Calculate the greatest common divisor of 70 and 970.
10
What is the highest common divisor of 19 and 57?
19
What is the greatest common divisor of 71 and 355?
71
What is the highest common divisor of 52 and 91?
13
What is the greatest common factor of 1221 and 33?
33
Calculate the greatest common divisor of 4832 and 32.
32
What is the highest common factor of 2756 and 468?
52
What is the highest common factor of 1248 and 156?
156
Calculate the greatest common factor of 1696 and 106.
106
Calculate the greatest common divisor of 646 and 57.
19
What is the greatest common divisor of 241 and 1?
1
What is the highest common divisor of 30 and 480?
30
What is the highest common divisor of 105 and 120?
15
Calculate the greatest common factor of 4 and 92.
4
Calculate the greatest common factor of 26 and 5694.
26
Calculate the greatest common factor of 80 and 9872.
16
Calculate the greatest common divisor of 40 and 1024.
8
What is the highest common factor of 4 and 132?
4
Calculate the greatest common factor of 138 and 1587.
69
What is the greatest common factor of 1336 and 232?
8
What is the highest common divisor of 146 and 657?
73
Calculate the greatest common factor of 1352 and 1248.
104
What is the highest common divisor of 212 and 4982?
106
What is the greatest common divisor of 52 and 36?
4
What is the highest common factor of 476 and 112?
28
Calculate the greatest common divisor of 468 and 18.
18
What is the highest common factor of 36 and 12?
12
What is the greatest common divisor of 3 and 67?
1
What is the greatest common factor of 4 and 1682?
2
Calculate the highest common factor of 16579 and 59.
59
What is the highest common factor of 7584 and 96?
96
What is the highest common factor of 78 and 1664?
26
Calculate the greatest common divisor of 1120 and 175.
35
What is the greatest common factor of 6446 and 22?
22
What is the greatest common divisor of 858 and 156?
78
Calculate the greatest common divisor of 1701 and 756.
189
Calculate the greatest common divisor of 82693 and 26.
13
Calculate the greatest common factor of 80 and 368.
16
Calculate the greatest common divisor of 62 and 186.
62
Calculate the highest common divisor of 25 and 5.
5
What is the highest common divisor of 4796 and 616?
44
What is the greatest common divisor of 476 and 10234?
238
Calculate the greatest common divisor of 61124 and 259.
259
What is the highest common divisor of 24 and 2408?
8
What is the highest common factor of 87 and 1189?
29
What is the highest common factor of 700 and 308?
28
What is the highest common factor of 28 and 448?
28
Calculate the highest common divisor of 438 and 12.
6
What is the greatest common divisor of 713 and 217?
31
What is the greatest common factor of 1128 and 329?
47
What is the highest common divisor of 4902 and 57?
57
Calculate the greatest common divisor of 10209 and 123.
123
Calculate the greatest common divisor of 31931 and 37.
37
Calculate the highest common factor of 938 and 2412.
134
What is the greatest common factor of 26 and 5590?
26
Calculate the highest common divisor of 108 and 10872.
36
Calculate the highest common divisor of 85 and 15.
5
Calculate the greatest common divisor of 176 and 22.
22
Calculate the highest common divisor of 75 and 725.
25
What is the highest common divisor of 70 and 1890?
70
What is the highest common factor of 5846 and 158?
158
Calculate the highest common divisor of 8046 and 54.
54
What is the greatest common factor of 190 and 2736?
38
Calculate the highest common factor of 21 and 77.
7
Calculate the greatest common factor of 23 and 184.
23
What is the greatest common divisor of 36 and 16?
4
What is the greatest common factor of 8 and 968?
8
Calculate the greatest common divisor of 255 and 10275.
15
Calculate the highest common factor of 3616 and 113.
113
What is the highest common factor of 1463 and 399?
133
Calculate the highest common factor of 160 and 290.
10
Calculate the greatest common factor of 7 and 3.
1
What is the greatest common factor of 30 and 810?
30
What is the greatest common factor of 259 and 1939?
7
Calculate the greatest common divisor of 118 and 3776.
118
What is the highest common factor of 70 and 7840?
70
Calculate the highest common factor of 506 and 704.
22
What is the greatest common divisor of 30 and 27?
3
Calculate the highest common factor of 129 and 1849.
43
What is the greatest common divisor of 29046 and 412?
206
What is the highest common divisor of 133 and 266?
133
Calculate the greatest common factor of 45512 and 16.
8
Calculate the highest common factor of 104 and 377.
13
Calculate the greatest common divisor of 11 and 4.
1
Calculate the highest common divisor of 14 and 1876.
14
What is the greatest common divisor of 55 and 1485?
55
What is the greatest common factor of 2044 and 112?
28
What is the greatest common factor of 79 and 395?
79
Calculate the highest common divisor of 21 and 651.
21
Calculate the greatest common factor of 4142 and 872.
218
Calculate the greatest common divisor of 157 and 157.
157
What is the highest common divisor of 95 and 209?
19
What is the highest common divisor of 40 and 824?
8
What is the highest common factor of 1462 and 170?
34
What is the greatest common divisor of 1651 and 2794?
127
What is the greatest common divisor of 52 and 299?
13
Calculate the highest common factor of 100 and 20.
20
What is the greatest common divisor of 169 and 16?
1
What is the highest common divisor of 11237 and 17?
17
What is the greatest common divisor of 68 and 9316?
68
What is the highest common factor of 495 and 9?
9
Calculate the highest common factor of 146 and 73.
73
What is the greatest common divisor of 38 and 361?
19
What is the highest common divisor of 264 and 192?
24
What is the highest common divisor of 923 and 13?
13
What is the greatest common factor of 48 and 528?
48
Calculate the greatest common divisor of 492 and 60.
12
What is the highest common factor of 1449 and 63?
63
Calculate the highest common factor of 64 and 2624.
64
Calculate the greatest common divisor of 25 and 370.
5
What is the highest common factor of 186 and 341?
31
Calculate the highest common factor of 288 and 352.
32
Calculate the highest common divisor of 89 and 4.
1
Calculate the greatest common divisor of 3737 and 74.
37
What is the highest common divisor of 96 and 80?
16
What is the greatest common factor of 8 and 1216?
8
Calculate the greatest common factor of 26 and 364.
26
What is the greatest common divisor of 11904 and 186?
186
Calculate the greatest common factor of 772 and 4.
4
What is the highest common factor of 1077 and 24?
3
What is the highest common factor of 380 and 2432?
76
Calculate the greatest common divisor of 62 and 34.
2
What is the greatest common divisor of 130 and 6370?
130
Calculate the greatest common factor of 162 and 126.
18
What is the highest common factor of 167 and 167?
167
Calculate the greatest common divisor of 32 and 2640.
16
Calculate the highest common divisor of 342 and 738.
18
What is the highest common divisor of 2125 and 170?
85
What is the greatest common divisor of 1353 and 33?
33
Calculate the highest common divisor of 160 and 24.
8
Calculate the greatest common factor of 390 and 40.
10
Calculate the highest common factor of 16 and 384.
16
What is the highest common divisor of 95455 and 85?
85
What is the highest common divisor of 64 and 124?
4
What is the highest common factor of 1188 and 165?
33
What is the highest common divisor of 1222 and 1504?
94
Calculate the highest common divisor of 1581 and 357.
51
Calculate the highest common factor of 1080 and 144.
72
Calculate the greatest common divisor of 14 and 483.
7
Calculate the greatest common factor of 244 and 4.
4
What is the highest common divisor of 6 a